 3*f, 5*p + 4*f = -147 + 592. What are the prime factors of p?
3, 31
Let w = 11 - 8. Suppose -3 = w*t - 57. List the prime factors of t.
2, 3
Let s(z) = -5*z**3 + z**2. Let c be s(-1). Let x = 13 - c. Let a = x - 1. List the prime factors of a.
2, 3
Let x(j) = -3*j**3 - j + 2. Let m be x(-2). Let z(u) = u**3 + 3*u**2 - 2*u + 1. Let y be z(-3). Suppose 3*a - m + y = 0. What are the prime factors of a?
7
Let j(n) = -n - 1. Suppose w = -0*w + 2. Suppose -3*u - 5*z = w, -4*z + 14 = -u + z. List the prime factors of j(u).
3
Let f(p) be the second derivative of p**4/12 - p**3/6 + 3*p. Let j = 8 - 5. List the prime factors of f(j).
2, 3
Let g(q) = -q**3 - 3*q**2 - q - 2. Let m be g(-3). Let z(d) = 22*d**3 + d**2. What are the prime factors of z(m)?
23
Suppose -74*h - 310 = -76*h. What are the prime factors of h?
5, 31
Let w be (-1 - 3*-1) + 1. Let a(v) = 2*v + v**w + 6 + v - 2*v. What are the prime factors of a(0)?
2, 3
Let f(v) = v + 4. Let p be f(2). Let x(h) = h**2 - 3*h + 8. List the prime factors of x(p).
2, 13
Let a(f) = 2*f + 1. What are the prime factors of a(3)?
7
Let x(f) = -f + 4. Let d = -1 + 3. What are the prime factors of x(d)?
2
Suppose 4*d - 6*d = -80. List the prime factors of d.
2, 5
Suppose s = 4*s + 18. Let a(u) = u**2 + 4*u - 8. Let m be a(s). What are the prime factors of (-104)/4*(-2)/m?
13
List the prime factors of (-6 - 3/(-12))/(2/(-56)).
7, 23
Let y = 18 - 29. Let u = y - -17. Suppose 22 = -4*a + u*a. What are the prime factors of a?
11
Let f(r) = -r**3 - 5*r**2 + 4. List the prime factors of f(-5).
2
Let y be (3 - -2*7) + 1. Let g = y - 6. List the prime factors of g.
2, 3
Let f = -5 - -7. What are the prime factors of -1*3*(f - 5)?
3
Suppose 3*w + 0 = -4*u + 26, 13 = 4*w + u. Suppose -a + 37 = w*p + 3, 3*a - 86 = -5*p. What are the prime factors of p?
2
What are the prime factors of ((-32)/(-10))/((-4)/(-20))?
2
Suppose 13 = 4*c + 5. Suppose c*j + 4*o = 14, o + o - 27 = -5*j. Let z = j - 3. List the prime factors of z.
2
Suppose 3*f = 5*i - 12, 1 = 2*i + 3*f - 8*f. Let w(u) = u - 7. Let h be w(i). List the prime factors of h/18 + 94/18.
5
Suppose i - 3 = 6. Suppose 4*u - i = 87. List the prime factors of u.
2, 3
Suppose 4*v = o + 3 + 5, -v + 5*o + 2 = 0. Suppose h - v*h = 0. Let m(c) = -c + 15. What are the prime factors of m(h)?
3, 5
Let d = 1290 - 874. List the prime factors of d.
2, 13
Let f(n) = -n**3 + 3*n**2 - 2*n + 4. Let b be f(3). Let v be 2*(-1)/(-2) + b. List the prime factors of 5/5*(11 + v).
2, 5
Let j be (12/10)/(9/30). Suppose t - 4*k = j*t - 3, -t = -5*k - 20. What are the prime factors of t?
5
Suppose -9 = -l + 15. What are the prime factors of l?
2, 3
Suppose 3*j - 89 + 29 = 0. List the prime factors of (-8)/5*j/(-8).
2
Suppose 5*q + 2*p = 4*p + 23, -p - 9 = -2*q. Suppose -15 = -10*m + q*m. List the prime factors of m.
3
Suppose -6*i - 8 = 28. What are the prime factors of (i/4)/(15/(-330))?
3, 11
Suppose 0 = -s + 3*s - 144. What are the prime factors of s?
2, 3
Let s(r) = -42*r - 22. What are the prime factors of s(-3)?
2, 13
Let v(f) = -f + 9. Let x be v(0). Let y = 13 - x. Suppose 2*n = n + y. What are the prime factors of n?
2
Suppose h = 0, -h = v - 2*h. Suppose 3*b + 4*p - 32 = v, 2*p - 29 = -2*b + 7*p. What are the prime factors of b?
2, 3
Let l = 12 - 7. Suppose -4*d = -d + 5*m - 47, -l*m + 20 = 0. List the prime factors of d.
3
Let d(p) = p**3 + 2*p**2 + p + 14. What are the prime factors of d(0)?
2, 7
Suppose -3*m = -7*m + 456. Let n = 53 - m. What are the prime factors of n/(-7) - (-8)/28?
3
Suppose 5*b - 370 = -0*b. Suppose 3*d = d + b. Let i = d - 20. What are the prime factors of i?
17
Suppose -21 = 5*u + 39. Let m be u/8 + (-82)/4. Let c = m - -33. What are the prime factors of c?
11
Suppose -2*i - 124 = -v, -4*v - 81 = -3*i - 577. List the prime factors of v.
2, 31
Let m(y) = -2*y + 4. List the prime factors of m(-11).
2, 13
Let r(m) = -m - 2. Let b be r(-4). Suppose -2*t - 2*y + 2 = 0, -2*t - b*y + 3 = y. Suppose t = 7*s - 4*s - 30. List the prime factors of s.
2, 5
Let z = 135 + -26. What are the prime factors of z?
109
Let p be ((-4)/(-6))/((-1)/(-3)). Suppose 4*h + p*o - o = 3, h = -5*o - 23. List the prime factors of h.
2
Suppose -2*r - f + 650 = 0, r - 6*r - 2*f = -1626. List the prime factors of r.
2, 163
Let r = -15 + 9. Let m(f) = f**3 + 6*f**2 + f + 8. Let z be m(r). Suppose k - z = 4. List the prime factors of k.
2, 3
Let r = 4 - 2. Suppose -r*j + 6*p - 3*p + 9 = 0, -4*j - 6 = 2*p. Suppose 2*o - 1 - 21 = j. List the prime factors of o.
11
Let a = -47 + 67. List the prime factors of a.
2, 5
Let z = 14 - -1. Suppose 0*s + 25 = -3*s + 5*f, s + f - 5 = 0. Suppose -y = -z - s. What are the prime factors of y?
3, 5
Suppose 3*p = 4*p - 4. Suppose -p*l = -3*l - 2*v + 1, 5*v = -4*l + 22. What are the prime factors of l?
3
What are the prime factors of 193/2 + (2 - 5/2)?
2, 3
What are the prime factors of (0 - 2)*33*4/(-8)?
3, 11
Let i(o) be the second derivative of 2*o**3/3 - 5*o**2 - 4*o. What are the prime factors of i(7)?
2, 3
List the prime factors of (-16)/6*(0 + -27).
2, 3
Let p be (-224)/24*(-3)/2. Suppose -2*v + p = -0*v. List the prime factors of v.
7
What are the prime factors of (-170)/(-7) - 10/35?
2, 3
Suppose r = -r. List the prime factors of 2 - (r + -5) - -1.
2
Suppose 0 = -6*r + 383 + 211. List the prime factors of r.
3, 11
Suppose -3*q = 4*o + 13 + 4, 0 = 3*q + 2*o + 7. Suppose g - q - 20 = 0. What are the prime factors of g?
3, 7
Let a(v) = -v**3 - 7*v**2 - 2*v - 5. Let l be a(-7). Let h = 29 - l. List the prime factors of h.
2, 5
Suppose -42 = 2*i - 2*o, 7*i - 3*o + 89 = 3*i. List the prime factors of (-22)/143 + (-1122)/i.
43
Let l = 3 + -11. Suppose -p + 5*p - 52 = 0. Let d = l + p. List the prime factors of d.
5
Let f = 16 - 28. Suppose -40 = 23*o - 18*o. Let a = o - f. What are the prime factors of a?
2
Suppose 5*m - 12 - 8 = 0. Let d(y) = m*y**2 - 2 + 6*y + 4 - y**3 + 0*y**2. List the prime factors of d(5).
7
Suppose 2*d - 26 + 4 = 0. Suppose d + 4 = 3*o. What are the prime factors of o?
5
Suppose -3*s + 64 = -r, -s - 3*r = -r - 12. What are the prime factors of s?
2, 5
Suppose -3*o - 7 = 2*z, -o + 6 = -3*z + 2*z. Let n(s) = 6*s**2 - 2*s + 1. Let b be n(o). Let p = b - 3. List the prime factors of p.
2
Suppose a - 6 = -5*v + 4, 2*a = -10. Suppose 4*c - b + v*b = 84, -105 = -5*c - 4*b. List the prime factors of c.
3, 7
Suppose 4*c - 29 - 7 = 0. What are the prime factors of c?
3
What are the prime factors of 48/(-72) - (1 - 40/6)?
5
Suppose s + 3 - 8 = 0. Suppose -3*v - 2*v = 2*m + 18, m - 6 = s*v. Let t(p) = -3*p. What are the prime factors of t(v)?
2, 3
Let q(w) = 3*w - 7. Let s be q(7). Let r(t) = -t**3 - 5*t**2 - t + 5. Let j be r(-4). Let h = s + j. List the prime factors of h.
7
Suppose 0 = -t - 5*l - 1 - 0, -2*t = -3*l - 50. Let f = t - 28. Let n = f - -18. List the prime factors of n.
3
Let m = -3 + -9. List the prime factors of (-18)/m*80/6.
2, 5
Suppose 0 = -4*w - 8 + 136. Suppose -w = -5*x + 43. What are the prime factors of x?
3, 5
Suppose -4*w + 29 + 67 = 0. Let d = -17 + w. List the prime factors of d.
7
Suppose -3*g = -0*g - 18. Suppose 0 = r - 5*r. Let a = r + g. What are the prime factors of a?
2, 3
Let o = 4 - -16. Suppose o = -4*q - q. List the prime factors of q/((-3)/(9/2)).
2, 3
Let b(d) = 7*d**3 - 27*d**2 + 33*d + 35. Let s(t) = 3*t**3 - 13*t**2 + 16*t + 17. Let n(z) = 4*b(z) - 9*s(z). What are the prime factors of n(-10)?
7
Let z be -2*(-1)/(-2) + 3. Let p = 0 + z. What are the prime factors of -30*-1*p/5?
2, 3
Let g be (-6)/15 + (-784)/(-10). Suppose -2*n - 5*t = -6*n + g, 3*n + 3*t - 45 = 0. What are the prime factors of n?
17
Let b = -12 - -29. What are the prime factors of b?
17
Let u = -12 - 3. Let p = 2 + u. What are the prime factors of (-5)/20 + p/(-4)?
3
What are the prime factors of (6/(-5))/((-30)/4600)?
2, 23
Let r(l) = -13*l**3 + l**2 + l + 1. Let u be r(-1). Suppose 0 = a - 3*n - 24, 4*a - 35 = -3*n - u. What are the prime factors of a?
3
Let r(v) = -5*v - 2. Let q(n) = -21*n - 7. Let c(o) = 2*q(o) - 9*r(o). Let m be (-1)/1 + (-8)/(-2). List the prime factors of c(m).
13
Suppose -c + 2*u + 31 = 0, 7*u - 8*u - 2 = 0. What are the prime factors of c?
3
Let i(c) = 2*c**2 + 4*c + 1. Suppose -l + 1 = 4. What are the prime fa